{"id":93,"date":"2014-05-26T15:15:20","date_gmt":"2014-05-26T15:15:20","guid":{"rendered":"http:\/\/wpresidence.net\/?page_id=93"},"modified":"2022-03-15T15:05:13","modified_gmt":"2022-03-15T14:05:13","slug":"properties-list-2","status":"publish","type":"page","link":"https:\/\/lhermine-groupe.fr\/index.php\/properties-list-2\/","title":{"rendered":"LHERMINE COMMERCE"},"content":{"rendered":"\n<p>LHERMINE GROUPE\u00a0est une soci\u00e9t\u00e9 de\u00a0<strong>conseil en immobilier d\u2019entreprise<\/strong>\u00a0sp\u00e9cialis\u00e9e sur la\u00a0<strong>vente et la location de locaux commerciaux\u00a0\u00e0\u00a0Rennes<\/strong>. Nous accompagnons nos clients (propri\u00e9taire\/utilisateur) dans leur probl\u00e9matique immobili\u00e8re sur un segment de surface allant de 0 \u00e0 3000 m2.<\/p>\n\n\n\n<h4 class=\"wp-block-heading\">CONSEIL AUX PROPRI\u00c9TAIRES:<\/h4>\n\n\n\n<p><strong>Vous \u00eates propri\u00e9taire, vous souhaitez Louer ou Vendre vos&nbsp;locaux commerciaux \u00e0 Rennes.<\/strong><\/p>\n\n\n\n<ul class=\"wp-block-list\"><li>Si vous \u00eates \u00e0 la recherche d\u2019un Locataire, un Sous Locataire ou \u00e0 un Successeur \u00e0 votre bail, nous mettons tout en oeuvre pour vous trouver une solution adapt\u00e9e dans les meilleurs d\u00e9lais.<\/li><\/ul>\n\n\n\n<p>Nous proposons \u00e0 nos clients propri\u00e9taires de les accompagner dans la&nbsp;commercialisation&nbsp;de leur patrimoine :&nbsp;bureaux&nbsp;et locaux commerciaux. Nous les conseillons dans la valorisation de leurs actifs en \u00e9laborant une strat\u00e9gie commerciale adapt\u00e9e pour obtenir un taux de vacance faible. Nous nous appuyons sur des m\u00e9thodes de commercialisation op\u00e9rationnelles qui nous permettent d\u2019obtenir des r\u00e9sultats probants et efficients pour chaque probl\u00e9matique.<\/p>\n\n\n\n<h4 class=\"wp-block-heading\"><\/h4>\n\n\n\n<h4 class=\"wp-block-heading\">CONSEIL AUX UTILISATEURS:<\/h4>\n\n\n\n<p><strong>Vous \u00eates une soci\u00e9t\u00e9, \u00e0 la recherche de bureaux&nbsp;en Location ou en Vente&nbsp;\u00e0 Rennes.&nbsp;<\/strong><\/p>\n\n\n\n<ul class=\"wp-block-list\"><li>Si vous \u00eates \u00e0 la recherche d\u2019une vente \/ location de bureaux, Sous Location ou un Bail D\u00e9rogatoire (pr\u00e9caire), nous mettons tout en oeuvre pour votre trouver une solution adapt\u00e9e dans les meilleurs d\u00e9lais.<\/li><\/ul>\n\n\n\n<p>Nous proposons \u00e0 nos clients utilisateurs de les conseiller dans leur projet immobilier en mettant \u00e0 leur disposition notre expertise en la mati\u00e8re ainsi que notre base de donn\u00e9es recensant toutes les&nbsp;offres&nbsp;de vente et location de locaux commerciaux \u00e0 Rennes. &nbsp;Nous nous appuyons sur une connaissance approfondie du march\u00e9 et des besoins des entreprises pour assister au mieux nos clients dans leur strat\u00e9gie immobili\u00e8re.<\/p>\n","protected":false},"excerpt":{"rendered":"<p>LHERMINE GROUPE\u00a0est une soci\u00e9t\u00e9 de\u00a0conseil en immobilier d\u2019entreprise\u00a0sp\u00e9cialis\u00e9e sur la\u00a0vente et la location de locaux commerciaux\u00a0\u00e0\u00a0Rennes. Nous accompagnons nos clients (propri\u00e9taire\/utilisateur) dans leur probl\u00e9matique immobili\u00e8re sur un segment de surface allant de 0 \u00e0 3000 m2. CONSEIL AUX PROPRI\u00c9TAIRES: Vous \u00eates propri\u00e9taire, vous souhaitez Louer ou Vendre vos&nbsp;locaux commerciaux \u00e0 Rennes. Si vous \u00eates \u00e0 la recherche d\u2019un Locataire, un Sous Locataire ou \u00e0 &#8230;<\/p>\n","protected":false},"author":1,"featured_media":0,"parent":0,"menu_order":0,"comment_status":"open","ping_status":"open","template":"property_list.php","meta":{"footnotes":""},"class_list":["post-93","page","type-page","status-publish","hentry"],"_links":{"self":[{"href":"https:\/\/lhermine-groupe.fr\/index.php\/wp-json\/wp\/v2\/pages\/93","targetHints":{"allow":["GET"]}}],"collection":[{"href":"https:\/\/lhermine-groupe.fr\/index.php\/wp-json\/wp\/v2\/pages"}],"about":[{"href":"https:\/\/lhermine-groupe.fr\/index.php\/wp-json\/wp\/v2\/types\/page"}],"author":[{"embeddable":true,"href":"https:\/\/lhermine-groupe.fr\/index.php\/wp-json\/wp\/v2\/users\/1"}],"replies":[{"embeddable":true,"href":"https:\/\/lhermine-groupe.fr\/index.php\/wp-json\/wp\/v2\/comments?post=93"}],"version-history":[{"count":3,"href":"https:\/\/lhermine-groupe.fr\/index.php\/wp-json\/wp\/v2\/pages\/93\/revisions"}],"predecessor-version":[{"id":18958,"href":"https:\/\/lhermine-groupe.fr\/index.php\/wp-json\/wp\/v2\/pages\/93\/revisions\/18958"}],"wp:attachment":[{"href":"https:\/\/lhermine-groupe.fr\/index.php\/wp-json\/wp\/v2\/media?parent=93"}],"curies":[{"name":"wp","href":"https:\/\/api.w.org\/{rel}","templated":true}]}}

<p>LHERMINE GROUPE est une société de <strong>conseil en immobilier d’entreprise</strong> spécialisée sur la <strong>vente et la location de locaux commerciaux à Rennes</strong>. Nous accompagnons nos clients (propriétaire/utilisateur) dans leur problématique immobilière sur un segment de surface allant de 0 à 3000 m2.</p>



<h4 class="wp-block-heading">CONSEIL AUX PROPRIÉTAIRES:</h4>



<p><strong>Vous êtes propriétaire, vous souhaitez Louer ou Vendre vos&nbsp;locaux commerciaux à Rennes.</strong></p>



<ul class="wp-block-list"><li>Si vous êtes à la recherche d’un Locataire, un Sous Locataire ou à un Successeur à votre bail, nous mettons tout en oeuvre pour vous trouver une solution adaptée dans les meilleurs délais.</li></ul>



<p>Nous proposons à nos clients propriétaires de les accompagner dans la&nbsp;commercialisation&nbsp;de leur patrimoine :&nbsp;bureaux&nbsp;et locaux commerciaux. Nous les conseillons dans la valorisation de leurs actifs en élaborant une stratégie commerciale adaptée pour obtenir un taux de vacance faible. Nous nous appuyons sur des méthodes de commercialisation opérationnelles qui nous permettent d’obtenir des résultats probants et efficients pour chaque problématique.</p>



<h4 class="wp-block-heading"></h4>



<h4 class="wp-block-heading">CONSEIL AUX UTILISATEURS:</h4>



<p><strong>Vous êtes une société, à la recherche de bureaux&nbsp;en Location ou en Vente&nbsp;à Rennes.&nbsp;</strong></p>



<ul class="wp-block-list"><li>Si vous êtes à la recherche d’une vente / location de bureaux, Sous Location ou un Bail Dérogatoire (précaire), nous mettons tout en oeuvre pour votre trouver une solution adaptée dans les meilleurs délais.</li></ul>



<p>Nous proposons à nos clients utilisateurs de les conseiller dans leur projet immobilier en mettant à leur disposition notre expertise en la matière ainsi que notre base de données recensant toutes les&nbsp;offres&nbsp;de vente et location de locaux commerciaux à Rennes. &nbsp;Nous nous appuyons sur une connaissance approfondie du marché et des besoins des entreprises pour assister au mieux nos clients dans leur stratégie immobilière.</p>

<p>LHERMINE GROUPE est une société de conseil en immobilier d’entreprise spécialisée sur la vente et la location de locaux commerciaux à Rennes. Nous accompagnons nos clients (propriétaire/utilisateur) dans leur problématique immobilière sur un segment de surface allant de 0 à 3000 m2. CONSEIL AUX PROPRIÉTAIRES: Vous êtes propriétaire, vous souhaitez Louer ou Vendre vos&nbsp;locaux commerciaux à Rennes. Si vous êtes à la recherche d’un Locataire, un Sous Locataire ou à &#8230;</p>
